{"id":9993,"date":"2018-03-30T23:49:02","date_gmt":"2018-03-30T21:49:02","guid":{"rendered":"http:\/\/klubmamgdynia.pl\/index.php\/produkt\/orb-factory-wyklejane-mozaiki-wrozki-z-dzwoneczkiem\/"},"modified":"2026-04-30T13:12:07","modified_gmt":"2026-04-30T11:12:07","slug":"orb-factory-wyklejane-mozaiki-wrozki-z-dzwoneczkiem","status":"publish","type":"product","link":"http:\/\/klubmamgdynia.pl\/index.php\/produkt\/orb-factory-wyklejane-mozaiki-wrozki-z-dzwoneczkiem\/","title":{"rendered":"Orb Factory Wyklejane Mozaiki Wr\u00f3\u017cki Z Dzwoneczkiem"},"content":{"rendered":"<p>Wyklejane mozaiki wr\u00f3\u017cki z DzwoneczkiemZestaw kreatywny, w kt\u00f3rym dziecko dekoruje wzory ta\u0144cz\u0105cej wr\u00f3\u017cki Dzwoneczek naklejkami o r\u00f3\u017cnych kolorach, strukturach i kszta\u0142tach. Kolorowe kamyczki nakleja si\u0119 na ponumerowane pola wed\u0142ug za\u0142\u0105czonego wzornika.Zestaw zawiera :  &#8211;  3 wzory bajkowych postaci  &#8211;  3 plastikowe zawieszki umo\u017cliwiaj\u0105ce zawieszenie pracy na \u015bcianie  &#8211;  3 podstawki do postawienia dekoracji na p\u00f3\u0142ce  &#8211;  1300 naklejek Walory edukacyjne : rozw\u00f3j kreatywnego my\u015blenia, wyobra\u017cni, koncentarcji, \u0107wiczenie ma\u0142ej motoryki d\u0142oni, koordynacji oko &#8211; r\u0119ka . Wiek dziecka : +4 lat Wielko\u015b\u0107 opakowania : 32 x 27 x 5 cm<\/p>\n<h2>Orb Factory Wyklejane Mozaiki Wr\u00f3\u017cki Z Dzwoneczkiem Orb Factory<\/h2>\n<p>kr\u00f3tkie zagadki, zagadki dla starszych dzieci, prezent dla nastolatk\u00f3w 2020, quiz flagi \u015bwiata, traktor z przyczep\u0105 kolorowanka do druku, najlepsze pranki na prima aprilis, aurelia, bajka do czytania o piesku, lol kolorowanki do druku, dla dzieci warszawa, \u015bmieszne zagadki, irma, czapka g\u00f3rnika szablon chomikuj, kolorowanka ninjago, zagadki dla 5 latka, cytat o rodzinie<\/p>\n<p>yyyyy<\/p>\n<p>&nbsp;<\/p>\n","protected":false},"excerpt":{"rendered":"<p>Wyklejane mozaiki wr\u00f3\u017cki z DzwoneczkiemZestaw kreatywny, w kt\u00f3rym dziecko dekoruje wzory ta\u0144cz\u0105cej wr\u00f3\u017cki Dzwoneczek naklejkami o r\u00f3\u017cnych kolorach, strukturach i kszta\u0142tach. Kolorowe kamyczki nakleja si\u0119 na ponumerowane pola wed\u0142ug za\u0142\u0105czonego wzornika.Zestaw zawiera : &#8211; 3 wzory bajkowych postaci &#8211; 3 plastikowe zawieszki umo\u017cliwiaj\u0105ce zawieszenie pracy na \u015bcianie &#8211; 3 podstawki do postawienia dekoracji na p\u00f3\u0142ce [&hellip;]<\/p>\n","protected":false},"featured_media":9994,"comment_status":"closed","ping_status":"open","template":"","meta":[],"product_cat":[1878,21],"product_tag":[754,599,743],"class_list":["post-9993","product","type-product","status-publish","has-post-thumbnail","hentry","product_cat-orb-factory","product_cat-zabawki-plastyczne","product_tag-dyplomy-do-wydrukowania-a4","product_tag-prezent-dla-nastolatkow-2021","product_tag-quiz-dla-dzieci"],"_links":{"self":[{"href":"http:\/\/klubmamgdynia.pl\/index.php\/wp-json\/wp\/v2\/product\/9993","targetHints":{"allow":["GET"]}}],"collection":[{"href":"http:\/\/klubmamgdynia.pl\/index.php\/wp-json\/wp\/v2\/product"}],"about":[{"href":"http:\/\/klubmamgdynia.pl\/index.php\/wp-json\/wp\/v2\/types\/product"}],"replies":[{"embeddable":true,"href":"http:\/\/klubmamgdynia.pl\/index.php\/wp-json\/wp\/v2\/comments?post=9993"}],"wp:featuredmedia":[{"embeddable":true,"href":"http:\/\/klubmamgdynia.pl\/index.php\/wp-json\/wp\/v2\/media\/9994"}],"wp:attachment":[{"href":"http:\/\/klubmamgdynia.pl\/index.php\/wp-json\/wp\/v2\/media?parent=9993"}],"wp:term":[{"taxonomy":"product_cat","embeddable":true,"href":"http:\/\/klubmamgdynia.pl\/index.php\/wp-json\/wp\/v2\/product_cat?post=9993"},{"taxonomy":"product_tag","embeddable":true,"href":"http:\/\/klubmamgdynia.pl\/index.php\/wp-json\/wp\/v2\/product_tag?post=9993"}],"curies":[{"name":"wp","href":"https:\/\/api.w.org\/{rel}","templated":true}]}}